{"id":3150,"date":"2026-05-04T15:36:42","date_gmt":"2026-05-04T13:36:42","guid":{"rendered":"https:\/\/www.communion-bethanie.org\/?page_id=3150"},"modified":"2026-05-04T15:36:43","modified_gmt":"2026-05-04T13:36:43","slug":"accueil","status":"publish","type":"page","link":"https:\/\/www.communion-bethanie.org\/","title":{"rendered":"Accueil"},"content":{"rendered":"\n<p><em>Bonjour et bienvenue sur notre site !&nbsp;<\/em><\/p>\n\n\n\n<p><em>Vous trouverez ici\u00a0 des informations vous permettant de mieux conna\u00eetre la Communion B\u00e9thanie et son charisme.\u00a0<\/em><br><em>Il ne s&rsquo;agit pas d&rsquo;un site d&rsquo;actualit\u00e9. Vous pouvez retrouver nos derni\u00e8res \u00ab\u00a0pauses m\u00e9ditations\u00a0\u00bb sur notre\u00a0<a href=\"https:\/\/www.facebook.com\/communion.bethanie\/?locale=fr_FR\">page Facebook<\/a>.<\/em><br><em>N&rsquo;h\u00e9sitez pas \u00e0 nous contacter via le formulaire pr\u00e9sent sur ce site ou directement par mail. Nous t\u00e2cherons de vous r\u00e9pondre dans les meilleurs d\u00e9lais.\u00a0<\/em><\/p>\n\n\n\n<p><em>Bonne visite et au plaisir de vous rencontrer !&nbsp;<\/em><\/p>\n","protected":false},"excerpt":{"rendered":"<p>Bonjour et bienvenue sur notre site !&nbsp; Vous trouverez ici\u00a0 des informations vous permettant de mieux conna\u00eetre la Communion B\u00e9thanie et son charisme.\u00a0Il ne s&rsquo;agit pas d&rsquo;un site d&rsquo;actualit\u00e9. Vous pouvez retrouver nos derni\u00e8res \u00ab\u00a0pauses m\u00e9ditations\u00a0\u00bb sur notre\u00a0page Facebook.N&rsquo;h\u00e9sitez pas \u00e0 nous contacter via le formulaire pr\u00e9sent sur ce site ou directement par mail. Nous [&hellip;]<\/p>\n","protected":false},"author":1,"featured_media":0,"parent":0,"menu_order":0,"comment_status":"closed","ping_status":"closed","template":"","meta":{"jetpack_post_was_ever_published":false,"footnotes":""},"class_list":["post-3150","page","type-page","status-publish","hentry"],"jetpack_likes_enabled":true,"jetpack_sharing_enabled":true,"_links":{"self":[{"href":"https:\/\/www.communion-bethanie.org\/index.php?rest_route=\/wp\/v2\/pages\/3150","targetHints":{"allow":["GET"]}}],"collection":[{"href":"https:\/\/www.communion-bethanie.org\/index.php?rest_route=\/wp\/v2\/pages"}],"about":[{"href":"https:\/\/www.communion-bethanie.org\/index.php?rest_route=\/wp\/v2\/types\/page"}],"author":[{"embeddable":true,"href":"https:\/\/www.communion-bethanie.org\/index.php?rest_route=\/wp\/v2\/users\/1"}],"replies":[{"embeddable":true,"href":"https:\/\/www.communion-bethanie.org\/index.php?rest_route=%2Fwp%2Fv2%2Fcomments&post=3150"}],"version-history":[{"count":1,"href":"https:\/\/www.communion-bethanie.org\/index.php?rest_route=\/wp\/v2\/pages\/3150\/revisions"}],"predecessor-version":[{"id":3151,"href":"https:\/\/www.communion-bethanie.org\/index.php?rest_route=\/wp\/v2\/pages\/3150\/revisions\/3151"}],"wp:attachment":[{"href":"https:\/\/www.communion-bethanie.org\/index.php?rest_route=%2Fwp%2Fv2%2Fmedia&parent=3150"}],"curies":[{"name":"wp","href":"https:\/\/api.w.org\/{rel}","templated":true}]}}